 x - 1 - i*x - x**3. What is the units digit of n(-4)?
3
Let f = 0 - -129. What is the units digit of f?
9
Let u = 239 - -9. What is the tens digit of u?
4
Let u(m) = m**3 + 42*m**2 + 28*m + 231. What is the thousands digit of u(-40)?
2
Let h(o) be the third derivative of -11*o**2 - 1/3*o**3 + 0 - 3/4*o**4 + 0*o. What is the tens digit of h(-3)?
5
Let u(y) = y**2 - 5*y - 2. Let m be u(6). Suppose m*q + q = 0. Suppose -s = 5*r - 202, 3*s + q = 6. What is the units digit of r?
0
Suppose -4*x = -4 - 0. Suppose y = x + 3. Suppose -y*m + 5*p + 55 = 0, -9 = 5*m + 5*p - 44. What is the tens digit of m?
1
Let v(c) = c**3 + 3*c**2 - c + 1. Let y be v(-3). Suppose -6*b - 15 = -3*b, -16 = -y*u - 4*b. What is the units digit of u?
9
Suppose 4*g - 2*g = 2*o - 10, -4*o - 5*g - 25 = 0. Let u be 0/(-3 + 6 + o). Suppose -l + 15 = -u. What is the tens digit of l?
1
Let d(f) = 6 - 7 + 23*f - 6. What is the tens digit of d(3)?
6
Suppose -86*q = -90*q + 1668. What is the units digit of q?
7
Let m(w) = -1136*w**3 - 2*w**2 - 6*w - 3. What is the thousands digit of m(-1)?
1
Suppose 0 = -3*y - j + 5075, -5*y - j + 8758 - 299 = 0. What is the units digit of y?
2
Let q = 1 - 0. Let s be q/(-1 - 6/(-4)). Suppose s*x + 0*x + 20 = 2*v, -2*x = -5*v + 62. What is the units digit of v?
4
Let w(g) = g**3 - 8*g**2 + 134*g - 27. What is the hundreds digit of w(14)?
0
Let t = 26 - 17. Suppose 3*u + 30 = t*u. What is the units digit of u?
5
Suppose 0 = -0*o - 2*o + 4*j + 564, -4*o + 3*j + 1123 = 0. What is the tens digit of o?
8
Let l = 12 - 10. Let u be l/(-4)*-4*1. What is the units digit of 105/14 + u/(-4)?
7
Let s(p) = 2*p**3 + 2*p**2 + 3*p - 3. Suppose 4*h + 4*o + 6 = 2*h, h = -3*o - 6. What is the tens digit of s(h)?
7
Let f be (-10)/(-3) + (-1)/3. Suppose c - 125 = -2*b - f*b, -75 = -c + 5*b. Suppose -4*i - i + c = 0. What is the units digit of i?
0
Suppose 0 = -4*y + 19 + 41. Let o be (-8)/(-3) - 10/y. Suppose -2*t = 5*x + 2*t - 30, -o*x + 5*t - 21 = 0. What is the units digit of x?
2
Suppose 0 = -3*u + 47*v - 50*v + 7674, 4*u - 2*v = 10208. What is the tens digit of u?
5
Let c = 2400 - 1327. What is the units digit of c?
3
Let m be 4/26 - 516/(-26). Suppose 2*k - 44 = m. What is the tens digit of k?
3
Let s(w) = -2*w**3 + 28*w**2 - 7*w + 9. What is the tens digit of s(12)?
0
Suppose -6*b = -2*p - 3*b + 22, 0 = -4*p - 5*b. Let c be (-1738)/(-55) + (-3)/p. Suppose -71 = -c*w + 30*w. What is the units digit of w?
1
Let m(u) = -u**2 + 5*u - 1. Let h be m(2). Let y(t) = -t**2. Let c be y(h). Let q = 57 + c. What is the units digit of q?
2
Let g(u) = -6*u - 85*u**2 - 12 + 180*u**2 - 94*u**2 - u**3. What is the units digit of g(-5)?
8
Suppose -5*g - j + 434 = -5850, 0 = -4*g - 4*j + 5040. What is the tens digit of g?
5
Let j be 5 - 2 - (-1 - -2). Let v(q) = j + 0*q - 4*q + 5*q. What is the units digit of v(10)?
2
Let b = -2 + 65. Let q be (-7 + -1)/((-5)/(-25)). Let n = b + q. What is the units digit of n?
3
Suppose -5*f = -a + 157, -a + 117 = -0*a + 5*f. Suppose m - a + 0 = 0. What is the hundreds digit of m?
1
Suppose -3*f = -15, 4*f - 150 = -5*g - 0*f. What is the tens digit of g?
2
Let l = -15 - -14. What is the tens digit of l + 52 - 4/(-2)?
5
Suppose 3*o - 5*j + 0*j = 538, -2*o = 4*j - 388. What is the units digit of o?
6
Let f be 21/6 + -2 - 6/(-12). Suppose -4*d = -3*s - 518, -4*d + f*s - 4*s = -508. What is the hundreds digit of d?
1
Let l(q) be the third derivative of q**6/120 - 2*q**5/15 - q**4/24 + 4*q**3/3 + 9*q**2. What is the units digit of l(9)?
0
Let z be ((-10)/(-4))/((-4)/(-8)). Suppose -z*a = 3*b + 9, b + 13 = -2*a - 3*a. Let r(v) = 9*v - 2. What is the units digit of r(b)?
6
Let o be (-2)/10 - (-196)/(-20). Let d(c) = 0 - 2*c + 3*c - 13 - 4*c. What is the tens digit of d(o)?
1
Let f = 3384 - 867. What is the tens digit of f?
1
Let i be 18/24 - 43/4. What is the units digit of ((-37)/(-2))/((-5)/i)?
7
Let d(g) = -2*g**2 - 7*g + 4. Let o be d(-6). Let t = 103 - 39. Let c = t + o. What is the tens digit of c?
3
Suppose 6*f + 494 = 2*d + f, 734 = 3*d - 4*f. What is the units digit of d?
2
Suppose -4*d = 2*v - 3 - 13, 3*d = 15. What is the tens digit of 17181/161 - v/7?
0
Let i(r) = 361*r - 500. What is the units digit of i(13)?
3
Suppose -362*p + 358*p = -552. What is the units digit of p?
8
Let x = 341 - -91. Suppose 0 = -5*f + f + x. Suppose 0*g + f = 3*g. What is the units digit of g?
6
Let j be (7/3)/((-7)/21). Suppose 4*m - 163 = 2*m + 3*c, -5*m + 3*c = -421. What is the units digit of m/4 - j/(-14)?
1
Suppose 5*m + q - 4*q - 1 = 0, 5*q - 23 = -4*m. What is the tens digit of (m - 75/9)*-12?
7
Let c(v) = -61*v + 9 + 31*v + 29*v. Let y = 8 + -2. What is the units digit of c(y)?
3
Let w = -4 + 8. Suppose -3*u + 4*u = -5*j + 583, 128 = j + w*u. Suppose -4*k = -88 - j. What is the units digit of k?
1
Let n be 4/3 - 2/(-9)*3. What is the tens digit of (-1 + 43/n)*(2 - 0)?
4
Suppose -a - 3*h - 29 = -2*h, -a - 39 = 3*h. Let i = -18 - a. What is the tens digit of i/5*100/6?
2
What is the units digit of (2/(-6))/(52/(-70512))?
2
Suppose 3 = -2*m - 3. Let d(p) = -5 - 24*p - 3 + 5 + 21*p. What is the units digit of d(m)?
6
Let y = -15 + 27. Suppose 57 = -4*u - 4*d - 7, 4*d = -16. What is the units digit of (u/(-8))/(y/296)?
7
Let o be 4/(-16) - (-938)/8. What is the units digit of (-1472)/(-18) + 26/o?
2
Let p = 1863 + -740. What is the thousands digit of p?
1
Let b = 27 - 4. Suppose -b*q + 19*q = -272. What is the units digit of q?
8
Suppose k + 1 = -4. Let u be 2*11/(-2)*k. Suppose 0 = -4*c + 2*t + 36, 5*c - 3*t - u = 2*t. What is the units digit of c?
7
Suppose -4*c + 124 = 4*j, 5*j + 4*c - 156 = -0*c. What is the units digit of -2*2/10 + j/5?
6
Suppose 4*q - 50 = -q. Let s = q + -4. What is the units digit of 2 + (-2)/s*-3?
3
Let q(n) be the third derivative of -n**4/3 + 5*n**3/6 + n**2. What is the units digit of q(-5)?
5
Suppose -5*b = 2*d - 7172, 5*b - 7200 = 8*d - 3*d. What is the tens digit of b?
3
Let k(m) = 323*m**3 - 4*m**2 + 14*m - 23. What is the units digit of k(2)?
3
Let g = 2338 + -1660. Let w = g - -105. What is the units digit of w/15 + 1/(-5)?
2
Let f(i) = -i + 0*i + i + i + 1. Let k be f(3). Suppose -16 = -c - k*n, 0 = n + 2*n + 9. What is the tens digit of c?
2
Let f be 6220/130 + (-4)/(-26). Let g = f + 0. What is the tens digit of g?
4
Let d = -2362 - -5198. What is the thousands digit of d?
2
Suppose 8 = 4*f + 4. Let p(o) = -3*o + f - 4*o + 2*o + 2*o. What is the tens digit of p(-6)?
1
Let k(w) = 4*w**2 - 11*w + 20. Let z be k(7). Suppose i - z = a, i - a = -5*a + 119. What is the units digit of i?
5
Let k be 95 + -1 + 2 + -4. Suppose a - k = 78. What is the tens digit of a?
7
What is the hundreds digit of (1/2)/((-10)/60) + 478?
4
Let r(x) = 2*x**2 + 8*x + 4154. What is the hundreds digit of r(0)?
1
Suppose -9289 = 2094*d - 2101*d. What is the tens digit of d?
2
Let f = -10 - 5. Let n = -3 - f. Suppose -n*s + 9*s + 72 = 0. What is the tens digit of s?
2
Let j(k) be the first derivative of k**3/3 - 2*k + 5. Let a be j(2). Suppose a*y + 3*q = 31, y - 2*q - q + 7 = 0. What is the units digit of y?
8
Let m = -71 + 767. What is the tens digit of m?
9
Suppose 14 = 3*u + 14. Suppose u = -4*i + 3*a + 1089, -2*i - 8*a + 6*a + 534 = 0. What is the hundreds digit of i?
2
Let y = 9403 - 6225. What is the thousands digit of y?
3
Let z = -49 - 15. What is the tens digit of 2 - 2 - (4 + z + 4)?
5
Suppose 0 = -2*o - 9*o + 5027. What is the units digit of o?
7
Let p be -4*3/(-3 - 0). Suppose 0 = p*s + 26 - 106. What is the units digit of s?
0
Suppose 0 = -s + 3 - 2. Let a be s/2 - (-41)/2. Suppose g = i + a, g + i - 12 = -i. What is the tens digit of g?
1
Let r(p) = -7*p**2 + p - 1. Let o be r(1). Let n be -3 + -1 - 2*o. What is the units digit of (-4)/5 - (-248)/n?
4
What is the units digit of ((-66)/7 + 6)/(8/(-6020))?
0
What is the hundreds digit of 14/21 + (-7194)/(-9) + 4?
8
Suppose 5*r + r = 6. Let h be 36/(-63)*(r + -8). Suppose -140 = -4*w - h. What is the tens digit of w?
3
Suppose 4*p - 200 = 3*s - 0*s, 4*p - 228 = -4*s. Let c = p + 7. What is the units digit of c?
0
Suppose -3*n + 1162 = 118. What is the tens digit of n?
4
Let x(m) = 4*m + 44. Let k be x(-10). Suppose 0*h = -4*y - h + 340, -k*y = -2*h - 328. What is the tens digit of y?
8
What 